ands digit of 286515?
8
What is the ten thousands digit of 720025?
2
What is the thousands digit of 10657446?
7
What is the thousands digit of 11707402?
7
What is the units digit of 2319720?
0
What is the thousands digit of 40337?
0
What is the tens digit of 119515?
1
What is the millions digit of 9739966?
9
What is the units digit of 3246507?
7
What is the hundreds digit of 219296?
2
What is the hundred thousands digit of 766467?
7
What is the ten thousands digit of 387588?
8
What is the hundreds digit of 2253015?
0
What is the units digit of 122270?
0
What is the hundred thousands digit of 869384?
8
What is the millions digit of 7311794?
7
What is the units digit of 51676?
6
What is the tens digit of 68526?
2
What is the units digit of 2210057?
7
What is the hundreds digit of 499014?
0
What is the ten thousands digit of 786191?
8
What is the thousands digit of 2064155?
4
What is the units digit of 5890415?
5
What is the thousands digit of 253775?
3
What is the ten thousands digit of 9221561?
2
What is the tens digit of 193480?
8
What is the tens digit of 2937272?
7
What is the ten thousands digit of 320678?
2
What is the hundreds digit of 141962?
9
What is the ten thousands digit of 273386?
7
What is the hundreds digit of 243826?
8
What is the units digit of 1567339?
9
What is the millions digit of 4441714?
4
What is the ten thousands digit of 94280?
9
What is the thousands digit of 13584614?
4
What is the thousands digit of 822763?
2
What is the thousands digit of 265731?
5
What is the units digit of 9274446?
6
What is the tens digit of 2611688?
8
What is the tens digit of 426010?
1
What is the hundred thousands digit of 13564393?
5
What is the hundred thousands digit of 39542408?
5
What is the ten thousands digit of 128550?
2
What is the millions digit of 1480260?
1
What is the ten thousands digit of 16236853?
3
What is the hundreds digit of 579696?
6
What is the ten thousands digit of 2698602?
9
What is the hundreds digit of 4359656?
6
What is the hundreds digit of 385885?
8
What is the tens digit of 100045?
4
What is the hundreds digit of 59550?
5
What is the units digit of 7730523?
3
What is the hundreds digit of 28559886?
8
What is the hundreds digit of 190493?
4
What is the units digit of 174746?
6
What is the thousands digit of 7143404?
3
What is the hundreds digit of 2557854?
8
What is the hundred thousands digit of 137475?
1
What is the tens digit of 506644?
4
What is the hundreds digit of 132498?
4
What is the units digit of 439946?
6
What is the ten thousands digit of 37229787?
2
What is the tens digit of 727975?
7
What is the tens digit of 13205?
0
What is the hundred thousands digit of 2551295?
5
What is the hundred thousands digit of 3865476?
8
What is the ten thousands digit of 1863797?
6
What is the thousands digit of 11505554?
5
What is the thousands digit of 567056?
7
What is the thousands digit of 7562029?
2
What is the hundred thousands digit of 291939?
2
What is the ten thousands digit of 505647?
0
What is the tens digit of 8146037?
3
What is the ten thousands digit of 100712?
0
What is the hundreds digit of 23247941?
9
What is the hundred thousands digit of 260206?
2
What is the ten millions digit of 11286536?
1
What is the ten thousands digit of 419652?
1
What is the hundreds digit of 99672?
6
What is the units digit of 330772?
2
What is the ten thousands digit of 5158867?
5
What is the thousands digit of 103714?
3
What is the tens digit of 61830?
3
What is the ten thousands digit of 1911707?
1
What is the ten thousands digit of 26775526?
7
What is the tens digit of 21530046?
4
What is the hundred thousands digit of 3699169?
6
What is the hundred thousands digit of 4562777?
5
What is the tens digit of 725700?
0
What is the ten thousands digit of 467797?
6
What is the hundreds digit of 5879010?
0
What is the millions digit of 2886376?
2
What is the units digit of 15169477?
7
What is the units digit of 67373?
3
What is the hundred thousands digit of 1736663?
7
What is the thousands digit of 2847640?
7
What is the thousands digit of 359728?
9
What is the thousands digit of 369187?
9
What is the hundred thousands digit of 569447?
5
What is the ten thousands digit of 599914?
9
What is the thousands digit of 41232?
1
What is the units digit of 41839?
9
What is the hundred thousands digit of 7496095?
4
What is the thousands digit of 407263?
7
What is the hundred thousands digit of 4912653?
9
What is the ten thousands digit of 31701?
3
What is the tens digit of 27530?
3
What is the thousands digit of 175085?
5
What is the thousands digit of 559498?
9
What is the thousands digit of 5691306?
1
What is the thousands digit of 4384442?
4
What is the hundred thousands digit of 8845330?
8
What is the hundred thousands digit of 5448297?
4
What is the millions digit of 8705509?
8
What is the hundreds digit of 197729?
7
What is the millions digit of 8295653?
8
What is the ten thousands digit of 6008450?
0
What is the hundreds digit of 678089?
0
What is the millions digit of 6127028?
6
What is the hundred thousands digit of 1534150?
5
What is the thousands digit of 85256?
5
What is the thousands digit of 973386?
3
What is the units digit of 10859293?
3
What is the tens digit of 1934567?
6
What is the tens digit of 6791005?
0
What is the units digit of 1474840?
0
What is the thousands digit of 1648258?
8
What is the millions digit of 10472661?
0
What is the hundreds digit of 1694128?
1
What is the ten thousands digit of 1283888?
8
What is the millions digit of 2267152?
2
What is the tens digit of 531020?
2
What is the thousands digit of 260205?
0
What is the tens digit of 331431?
3
What is the hundred thousands digit of 1294337?
2
What is the ten thousands digit of 218086?
1
What is the tens digit of 15346?
4
What is the hundred thousands digit of 495549?
4
What is the hundreds digit of 6517829?
8
What is the hundred thousands digit of 668123?
6
What is the millions digit of 3666368?
3
What is the units digit of 26573?
3
What is the ten thousands digit of 2788213?
8
What is the units digit of 8577998?
8
What is the thousands digit of 5613856?
3
What is the hundred thousands digit of 490022?
4
What is the units digit of 1355608?
8
What is the ten millions digit of 12510458?
1
What is the hundred thousands digit of 23369418?
3
What is the ten thousands digit of 574389?
7
What is the tens digit of 720178?
7
What is the thousands digit of 816063?
6
What is the hundred thousands digit of 12090949?
0
What is the thousands digit of 12690477?
0
What is the millions digit of 8036777?
8
What is the hundred thousands digit of 1451060?
4
What is the hundreds digit of 417886?
8
What is the millions digit of 2748038?
2
What is the units digit of 169126?
6
What is the ten thousands digit of 1406656?
0
What is the millions digit of 2219214?
2
What is the ten millions digit of 10075623?
1
What is the ten thousands digit of 10591?
1
What is the tens digit of 10055?
5
What is the hundred thousands digit of 8593315?
5
What is the ten thousands digit of 1820934?
2
What is the units digit of 601107?
7
What is the thousands digit of 544592?
4
What is the units digit of 4145382?
2
What is the units digit of 10409153?
3
What is the millions digit of 16776309?
6
What is the tens digit of 2501535?
3
What is the tens digit of 399478?
7
What is the hundred thousands digit of 352086?
3
What is the units digit of 220579?
9
What is the thousands digit of 4251862?
1
What is the units digit of 2041775?
5
What is the tens digit of 182509?
0
What is the units digit of 338507?
7
What is the millions digit of 2798589?
2
What is the units digit of 7626572?
2
What is the millions digit of 1536421?
1
What is the hundred thousands digit of 135163?
1
What is the ten thousands digit of 366749?
6
What is the tens digit of 20639071?
7
What is the hundreds digit of 5918448?
4
What is the hundreds digit of 333910?
9
What is the hundred thousands digit of 453092?
4
What is the hundreds digit of 66999?
9
What is the thousands digit of 368221?
8
What is the hundreds digit of 2505522?
5
What is the tens digit of 6587604?
0
What is the ten thousands digit of 1215452?
1
What is the thousands digit of 19818057?
8
What is the thousands digit of 401672?
1
What is the thousands digit of 14